2 + 3 - z - 2*f**r - 7. Calculate g(0).
-5
Let t = 0 + -1. Let z(v) = v**2 - 5*v - 3. Let o(l) = l. Let w(x) = t*z(x) - 4*o(x). Let p(m) be the first derivative of w(m). Calculate p(-1).
3
Let c(n) = n + 4. Suppose 4*i + 3 - 13 = 2*y, -i + 15 = -3*y. Give c(i).
4
Suppose y + 1 = -1. Let b(v) be the first derivative of -v**5/60 - v**4/12 - v**3/6 - 9*v**2/2 + 1. Let m(w) be the second derivative of b(w). Give m(y).
-1
Let a be ((-5)/3 + 1)*3. Let q(b) be the second derivative of b**5/20 + b**4/4 + b**3/3 + b**2/2 + 79*b. Determine q(a).
1
Let q(o) = o**2 - 3*o - 5. Let i be q(4). Let p(y) = 17*y. Give p(i).
-17
Let q = -25 - -47. Suppose 3*n = 4*l + q, -2*n + 3*l = 2*n - 20. Let y(b) = 3*b - 3*b**n + b**3 - 3*b + b. Determine y(2).
-2
Suppose -10*t + 12*t - 4 = 0. Let q(y) = 3*y**3 - 2*y - 1 + 2*y - 2*y**t. Give q(2).
15
Let p(u) be the third derivative of -u**5/60 - u**4/12 - u**3/6 - 3*u**2. Suppose 3*c - 13 = -v, -4 = -5*v + 5*c + 1. Let y be 2/(-6) + v/(-6). Calculate p(y).
0
Let s(n) = n**3 - 7*n**2 - 7*n - 9. Let w = 110 + -102. Determine s(w).
-1
Let v(l) = -l**3 + 7*l**2 - 4*l - 10. Let r be v(6). Suppose -r*s - 2 - 4 = 0. Let d(y) = -y**3 - 4*y**2 + 2*y + 4. Give d(s).
-11
Let x(b) = b - 13 - 4*b + 16. Determine x(3).
-6
Let a(c) = -2*c + 8*c + 3*c. Determine a(-1).
-9
Let x(v) = -v**2 - 1. Suppose -3*a + 2*a = 0. Suppose a*s - 2 = s. Let q = 1 + s. Give x(q).
-2
Suppose 0*v + 5*w = -3*v, v - w = 0. Let d = -2 - v. Let a(y) = y + 1. Let o(g) = 5*g + 4. Let m(s) = -4*a(s) + o(s). Determine m(d).
-2
Let q(d) = -d**3 - 3*d**2 + 4*d - 4. Let l(b) = b**2 - 10*b - 4. Let u(c) = 1. Let r(o) = -l(o) + 3*u(o). Let k be r(11). Give q(k).
-4
Let g(i) be the second derivative of -i**5/20 + i**4/12 + i**3/6 + 3*i**2 - 51*i. Calculate g(0).
6
Let b(p) = -3*p**3 - 3*p**2 + 5. Let y(r) = 16*r**3 + 15*r**2 - 26. Let f(t) = -11*b(t) - 2*y(t). Give f(-3).
-3
Let u(y) = -7 - 4*y**2 + 2*y**2 + y**2 + 1 - 8*y. Determine u(-5).
9
Let m(u) be the first derivative of -u**3/3 + u - 6. Suppose -a = 2*f + 4 - 1, 0 = -3*a - 3. What is m(f)?
0
Let z(b) = b**2 + 5*b - 2. Let f(j) = -j**2 + 3*j - 6. Let x be f(3). Calculate z(x).
4
Let s be 12/10*(-15)/(-6). Suppose -3*o + 3 = 2*y, s*y + 0*o = -3*o + 6. Let r(g) = -5 - y*g - g**2 + 1 + 1. Give r(-2).
-1
Suppose 14 = 4*b - 2. Suppose b*u + 0 = -5*f + 7, 0 = u + 3*f - 7. Let y(i) = i**2 + i + 2. Determine y(u).
4
Let f(t) = -t**3 - 7*t**2 - 6*t - 5. Let h be f(-6). Let k(g) = g**2 + 3*g - 6. Let z(d) = d**2 + 2*d - 6. Let p(i) = 4*k(i) - 3*z(i). Give p(h).
-11
Let m(i) = i - 1. Let g(k) = 1. Let r(y) = -5*g(y) + m(y). Let u(x) = x**3 - 3*x**2 - 3*x + 4. Let z be u(3). Calculate r(z).
-11
Let w(s) be the first derivative of -5*s - 1/2*s**2 + 9. Give w(-6).
1
Let i(l) = 4*l**2 - 2*l + 5 + 2 - 2 - l**3. Suppose -10 = -5*y, -a + 3*y = a - 2. Calculate i(a).
-3
Let k(s) be the third derivative of 0*s + 4/3*s**3 - 2*s**2 + 0 + 1/60*s**5 + 1/3*s**4. What is k(-6)?
-4
Let k(q) be the second derivative of q**3/3 - q**2/2 - 7*q. Determine k(1).
1
Suppose 3*t + 3 = -3*o, 0 = -4*o + t - 5 - 9. Let k(y) = -y**2 - y - 4. Give k(o).
-10
Let u = 5 - 1. Let x(h) = -u*h + 3*h + 4*h + 4*h**2 - h**3 + 7. Suppose 0*s + 2*s = -8, -4*f - 2*s + 12 = 0. Calculate x(f).
-3
Suppose -4*q - 7 - 5 = 0. Let i(l) = -3*l + 6. Let v(t) = 2*t - 1 - 2 - 1. Let y(g) = 5*i(g) + 8*v(g). Determine y(q).
-5
Let p(a) = -a**2 - 6*a + 10. Let t be p(-7). Suppose 5 - 17 = t*g. Let m(q) = -2*q - 4*q + 5*q - 4*q**2 + 2 - q**3. What is m(g)?
6
Let s be (-1)/(-3) - 1/3. Suppose -5*z + 5 = 5*c, -2*z - c = -s*c. Let w be 1 + z + 0 - -1. Let i(b) = -7*b**2 + 2*b - 1. Calculate i(w).
-6
Let d(z) be the first derivative of -3*z**4/4 - z**3/3 + z**2/2 + z + 1. Suppose 2*i = -5*o + 19, 0*i - 3*i - 6 = -4*o. Suppose -i + 0 = 2*w. Give d(w).
2
Let n(a) be the second derivative of a**3/3 - 3*a**2/2 + 11*a. What is n(3)?
3
Suppose 5*t - 44 = -4*c - 3, -3*c + 4*t - 8 = 0. Let k(j) = -2*j**2 - 10*j + 1. Let n(p) = -3*p**2 - 11*p. Let g(r) = c*k(r) - 3*n(r). Determine g(6).
-2
Let g(n) be the first derivative of -n**7/840 - n**6/72 - n**5/30 - n**4/8 + n**3 - 1. Let o(l) be the third derivative of g(l). Let s = -10 + 8. Give o(s).
-7
Suppose -3*q - 8 = q, -4*c = 3*q - 6. Suppose 3*t + h - 14 = 0, c*t - t = -5*h + 31. Let v(p) = -2*p + 4*p - p + 1. Determine v(t).
4
Let d = 11 - 19. Let x(b) = -3*b**3 + 8*b**2 - 6*b - 8. Let q(k) = -5*k**3 + 12*k**2 - 9*k - 12. Let a(j) = d*x(j) + 5*q(j). What is a(-4)?
-8
Let f = -20 + 23. Let b(v) = -v**2 + 4*v - 2. Determine b(f).
1
Let c(j) be the first derivative of -j**2 + 3*j - 29. Let p(b) = -b**3 + 6*b**2 + b - 3. Let o be p(6). Determine c(o).
-3
Let b(x) = x - 6. Let p(h) = h**2 + 2*h + 3. Let i be p(-2). Suppose 4*n = i - 23. Give b(n).
-11
Let g(s) = -s**2 + 6*s - 3. Let i be g(5). Let r(n) = 0 - n**3 - 2*n - n + 3 + 2*n**i + 3*n**2. Calculate r(3).
12
Let q = 17 + -17. Let u(c) = c**2 + c + 15. What is u(q)?
15
Let w(t) = t**2 + 9*t + 5. Let y(z) = -z**2 - 10*z - 4. Let g(k) = 3*w(k) + 2*y(k). Calculate g(-6).
1
Let c(v) be the second derivative of -v**5/10 + v**4/6 - 2*v**3/3 + v**2 - 2*v. Let a be (16/(-12))/(8/(-12)). Determine c(a).
-14
Let b(y) be the second derivative of -y - 1/2*y**2 + 0 + 2/3*y**3. Calculate b(3).
11
Let j(l) = 3*l**2 - l + 14. Let o(a) = 16*a**2 - 6*a + 69. Let t(p) = -11*j(p) + 2*o(p). What is t(0)?
-16
Let z(j) be the first derivative of j**4/4 - j**3 + j**2 - j - 14. What is z(1)?
-1
Let i(x) = -10*x - 17*x + 4 + 28*x. Suppose 2 + 6 = 4*c - 4*g, 4*c - 15 = -3*g. Determine i(c).
7
Let y(l) be the third derivative of -l**4/24 + 4*l**3/3 - 23*l**2. Calculate y(-6).
14
Suppose z + 6 = 6*r - r, 4*r = -z + 12. Let i(k) be the first derivative of -5*k + 1/2*k**r - 1. What is i(6)?
1
Let w(y) be the second derivative of y**5/60 + y**4/8 - y**3/2 - 3*y**2/2 - 3*y. Let v(z) be the first derivative of w(z). Let n be (-39)/9 + 2/(-3). Give v(n).
7
Let p(a) = -2*a**2 + 8*a + 3*a**2 - 2*a**2 - 6. Give p(5).
9
Let h(q) = q**3 - 3*q**2 + 2*q. Let r = -17 - -13. Let y be ((-1)/r)/(2/24). Determine h(y).
6
Let y(a) = 2*a**3 - 4*a**3 + 2*a**3 + 2*a**3 - 3*a**2. Let z be (9/(-6))/(-3)*0. Suppose -4*k + 8 = -z*k. Calculate y(k).
4
Let y(h) = -h - 8 + 10 - 1. Let k be y(-1). Let s(x) = 4*x**2 - 2*x + 2. Give s(k).
14
Let g(s) be the first derivative of s**6/72 + s**5/120 + s**3 + 1. Let n(f) be the third derivative of g(f). Calculate n(1).
6
Let m(t) = -3*t**3 - 2*t**2 - 14*t + 5. Let p(y) = 7*y**3 + 3*y**2 + 29*y - 11. Let f(k) = 9*m(k) + 4*p(k). Calculate f(7).
-20
Let f = 44 - 46. Let q(a) = -9*a - 3. Let k(s) = 10*s + 3. Let r(b) = 5*k(b) + 6*q(b). Give r(f).
5
Let k be (22 - 19)/(10/16 - 1). Let q(u) = -u**3 - 7*u**2 + 8*u - 8. Give q(k).
-8
Let w(x) = -3*x + 4. Let t(d) = -d - 16. Let i be t(-10). Let b be i/((27/6)/(-3)). Determine w(b).
-8
Let p(b) be the third derivative of -b**7/1680 + b**6/180 + b**5/15 + b**2. Let f(s) be the third derivative of p(s). Calculate f(4).
-8
Let t(w) = w**2 + w - 4. Let q(f) = 3*f**3 + f**2 - f. Let c be q(1). Determine t(c).
8
Let m(c) be the third derivative of c**7/1680 + c**5/20 - 3*c**2. Let s(w) be the third derivative of m(w). Calculate s(-2).
-6
Let m(k) = -k**2 + 9*k - 15 - 12 + 15. What is m(8)?
-4
Let k(h) be the first derivative of -5*h**4/4 + 2*h**3/3 + h**2 + h - 8. Give k(-1).
6
Let c(m) = 2 + 4 - 6 - 1. Suppose 2*f = -4, 0 = -2*z - 3*z - 5*f - 15. Let l(u) = u + 10. Let j(n) = z*c(n) + l(n). What is j(-6)?
5
Let q be ((-12)/21)/(2/(-14)). Let u(c) = -c + 5. Give u(q).
1
Suppose 2*n + 5 = 1. Let g be (-4)/5*5/n. Let y(k) = g + 0 - 6 - k - k**3. Calculate y(0).
-4
Let k(h) = -h**3 + 2*h**2 + 2*h - 2. Suppose 2*x - 3*x = -2. Let t(m) = 4*m**2 - 2*m. Let o be t(x). Let q be 14/49 - o/(-7). What is k(q)?
2
Let u(x) = 21*x + 6 - 21*x + x**2. Calculate u(0).
6
Suppose f - 3 = -0. Let s(o) = o + 4 + 1 - o**2 - f - 6*o**3 - 1. Determine s(-1).
5
Let x(k) be the third derivative of 1/3*k**4 + 0*k + 0 - k**2 - 1/60*k**5 - k**3. Calculate x(4).
10
Let o(d) be the second derivative of -1/360*d**6 + 0 - 1/12*d**4 + 0*d**5 + 0*d**2 + 2*d + 0*d**3. Let p(n) be the third derivative of o(n). Give p(1).
-2
Suppose 1 = 5*y - 9. Suppose -4*q = 5*d + 26, 3*d = 3*q - q + y. Let x = d - -1.